en m/2 - (-87)/6 is divided by 6?
4
Let o = 24 - 1. Calculate the remainder when 44 is divided by o.
21
Let v be -4*(-1)/(-4)*-2. Suppose b = -3*y + 21, 30 = 2*b + y + v*y. What is the remainder when b is divided by 5?
4
Suppose -5*s + 10 = 3*n, 0 = -s + 3*s - n - 4. Let m(o) = o + 1. Suppose x = -4*x + 5. What is the remainder when m(x) is divided by s?
0
Let l = 36 - 17. Suppose 3*o - 61 = -h, h + o - 54 - 15 = 0. What is the remainder when h is divided by l?
16
Suppose 2*t - 99 = -5*n, -2*t + 4*t - 81 = n. Calculate the remainder when 124 is divided by t.
40
Suppose -3*i = 2*i - 120. Calculate the remainder when i is divided by 9.
6
Suppose -5*v - 8 = 17. Let a = 9 - v. Let w = 96 + -56. What is the remainder when w is divided by a?
12
Let a = 1 + 1. Let l be a*(-1)/4*-4. Calculate the remainder when l*15/9*12 is divided by 14.
12
Suppose -f + 4 - 7 = 0. What is the remainder when 17 is divided by (f/9)/(2/(-24))?
1
Suppose 19*r = 112 + 78. Calculate the remainder when 29 is divided by r.
9
Let c = -10 + 22. Let x = -25 - -18. Calculate the remainder when 136/6 - x/21 is divided by c.
11
Let i = 39 + 17. Suppose -4*s + 27 = -3*l - 37, 0 = -2*s + 5*l + 18. What is the remainder when i is divided by s?
18
Suppose -17 = -4*m + 3*m. Let p(y) = 4*y - 16. Calculate the remainder when p(12) is divided by m.
15
Let u = 0 + 11. Let r be 2*((-16)/(-1))/4. Suppose 7*y - r*y + 30 = 0. Calculate the remainder when y is divided by u.
8
Suppose h - 12 + 2 = 0. Suppose 4*b - 2*j - 127 + 21 = 0, 0 = -3*j + 15. Calculate the remainder when b is divided by h.
9
Let r(h) = h**3 + 5*h**2 - 7*h - 2. Let d be r(-6). Let c be d/6*3 + 0. Suppose c*z = z + 8. Calculate the remainder when 22 is divided by z.
6
Let x be 1/5 + (-2)/10. Suppose -f + 0*f + 6 = x. What is the remainder when 17 is divided by f?
5
Let h = 23 + -13. Let y(c) = -c**3 - 2*c**2 - c - 1. Let q be y(-1). Let l = q + h. Calculate the remainder when 25 is divided by l.
7
Let d(w) = -8*w - 6. Suppose -3*b + b = 8. Calculate the remainder when d(b) is divided by 14.
12
Let f = -13 - -31. What is the remainder when 105 is divided by f?
15
Suppose k - 323 = -3*t, 545 = 2*t + 3*t + 5*k. Calculate the remainder when t is divided by 22.
19
Let p(y) = -y**3 + 7*y**2 - 5*y - 2. Let q = 12 + -6. Calculate the remainder when 5 is divided by p(q).
1
Suppose -48 - 37 = -5*v. Calculate the remainder when 63 is divided by v.
12
Let b(o) = o**3 - 6*o**2 + 5*o + 4. Let d be b(5). Suppose -d*f - 53 = -9. Let n = 23 + f. Calculate the remainder when n is divided by 7.
5
Let x(u) = 2*u + 6. Suppose -10 = 4*d - 42. Suppose -m + 0*m + d = 0. Calculate the remainder when x(8) is divided by m.
6
Suppose -5*m - 2*k = k - 8, 3*m - 7 = -4*k. Calculate the remainder when 20*2 - (m - 0) is divided by 10.
9
Suppose 4*l = -l + 95. Let k(s) = s**2 + s + 4. Let c be -2 + 3 + 2 + -6. What is the remainder when l is divided by k(c)?
9
Let c(a) = -a**3 + 7*a**2 - 7*a + 5. What is the remainder when 58 is divided by c(5)?
18
Let g be 3 + (2 - (1 + 2)). Suppose 0 = -g*l + 23 + 9. Calculate the remainder when 46 is divided by l.
14
Let g be 5 + -6 + 0/(-1). Let p be (0 + -1)/g*5. Suppose 0 = p*h - 4*f + 4 - 156, -5*h + f + 143 = 0. What is the remainder when h is divided by 15?
13
Let t = 30 - 18. Calculate the remainder when 21 is divided by t.
9
Let s be (-8)/(-16) - 1/2. What is the remainder when (s - -116)*1/2 is divided by 20?
18
Suppose 8 = -2*d + 44. Let r be (-3)/(-9) + 64/24. Suppose 0 = r*x - x - d. What is the remainder when 25 is divided by x?
7
What is the remainder when 103 + (9/3 - 3)/1 is divided by 21?
19
Let t(r) be the second derivative of r**4/12 - r**3 - r. Suppose -4*a = -11 - 21. What is the remainder when 31 is divided by t(a)?
15
Suppose 79 = 5*z - 446. What is the remainder when z is divided by 27?
24
Suppose 0 = -7*x - 9 + 135. Calculate the remainder when 88 is divided by x.
16
Let z(j) be the first derivative of 9*j - 1 - 1/2*j**2. Calculate the remainder when 30 is divided by z(-7).
14
Suppose 0 = 2*k + 2. Let h(n) = -8*n**3 + n**2 + n + 1. What is the remainder when h(k) is divided by 3?
0
Suppose -10*x + x + 162 = 0. What is the remainder when 89 is divided by x?
17
Calculate the remainder when 376/(-4)*(-4)/8 is divided by 12.
11
Let m(d) = -4*d**2 + 4*d + 1. Let b(r) = -r**3 + 13*r**2 - 13*r - 3. Let w(l) = 2*b(l) + 7*m(l). Calculate the remainder when 12 is divided by w(-2).
2
Suppose 1 = t - 0. Let c(p) = -p**2 + 5*p - 5. Let y be c(4). Calculate the remainder when 30 + y + 3/t is divided by 17.
15
Suppose 4*r - 5*v = 136, 5*v + 168 = 3*r + 61. What is the remainder when 82 is divided by r?
24
Let z = -96 - -112. Let w = 8 - -1. Calculate the remainder when z is divided by w.
7
Let a = -50 + 60. Calculate the remainder when 33 is divided by a.
3
Let p = 20 - 12. Suppose -3*q = -p*q + 30. Calculate the remainder when 160/(-15)*(-6)/4 is divided by q.
4
Let z = -21 - -108. Suppose -g = -1, 0 = -5*m - 2*g - 0*g + z. What is the remainder when m is divided by 9?
8
Suppose 2*j - 104 = -6*j. What is the remainder when j is divided by 7?
6
Let l be (-1 + 0)*1 + 2. Suppose -y + 3 = -l. What is the remainder when y is divided by 2?
0
Let s(p) = p - 10. Let r be s(0). Let a(k) = -5*k. Calculate the remainder when a(r) is divided by 13.
11
Suppose 15*c - 105 = 8*c. Calculate the remainder when -2 - 1*-29*1 is divided by c.
12
Suppose -5*c = -18 - 17. Let w = 24 - -3. Calculate the remainder when w is divided by c.
6
Let k = -347 - -392. Let m = 2 - 0. Suppose 0*n = m*n - 24. What is the remainder when k is divided by n?
9
Suppose 10*a - 20 = 5*a. Suppose -4*s - i = -7*s + 100, -a*i - 37 = -s. What is the remainder when 131 is divided by s?
32
Let t(f) = -f**2 + 6*f + 7. Calculate the remainder when (10 + -2)*(-9)/54*-9 is divided by t(6).
5
Suppose -18*m = -23*m + 30. Let i be (-92)/(-5) + (-4)/10. Let w = i - m. What is the remainder when 23 is divided by w?
11
Let z be 188/28 + (-2)/(-7). Let c be 4/(-1)*(-5 + z). Calculate the remainder when 47 is divided by 6*(-1)/(3/c).
15
Let t(j) = 13*j**2 + 1. Suppose -3*x - 6*q + 8 = -q, 0 = 4*x - q - 3. Calculate the remainder when (-72)/(-2) + (-1 + -17)/(-6) is divided by t(x).
11
Let s(j) = j**2 - 2*j - 3. Let w be s(3). Suppose -4*o - 4*m = -88, 5*o - 110 = -4*m - w*m. What is the remainder when o is divided by 8?
6
Suppose -2*q = q - 21. Suppose -2*g = -33 - 49. Let w = 68 - g. Calculate the remainder when w is divided by q.
6
Suppose -3*z = 2*v + 26, 2*v - 32 = 3*z + v. Let a = z - -24. Let d = 131 + -91. Calculate the remainder when d is divided by a.
12
Suppose 7*y - 3*y = 2*z + 236, 5*y - 2*z = 296. Suppose 5*n - y = 3*k + 168, -2*k - 232 = -5*n. Calculate the remainder when n is divided by 10.
8
Suppose 0 = 4*s + 2*t - 6 - 14, 3*t - 26 = -5*s. Suppose 0*n - 108 = -s*n. What is the remainder when n is divided by 14?
13
Let q(w) = 4*w - 3. Let v be q(2). Suppose 0 = 4*g - 3*x - 35, -v*g + 35 = -0*x - 2*x. What is the remainder when (-1)/g*21*-5 is divided by 11?
10
Let g = 367 + -251. Calculate the remainder when g is divided by 17.
14
Suppose 3*i = -i + 44. Calculate the remainder when 43 is divided by i.
10
Let n = -8 + 2. Let a = n + 11. Suppose -29 = -a*q + 3*s + 59, -2*q + 24 = -4*s. Calculate the remainder when 58 is divided by q.
18
Suppose 8*m - 1239 = -13*m. Let a(d) = -d**3 + 4*d**2 + 5*d. Calculate the remainder when m is divided by a(4).
19
Suppose 4*g = -2*x + 2, 2*x - 5*x - 18 = -g. Suppose -5*j + 117 = g*y, 5*j = -2*y - 39 + 112. What is the remainder when y is divided by 23?
21
Let f(l) be the third derivative of l**6/120 + 2*l**5/15 - l**4/6 - l**3/6 - 2*l**2. What is the remainder when f(-8) is divided by 17?
14
Suppose -t - b + 16 = 0, -t - 4*b = -0*t - 19. Suppose -20*h + 285 = -t*h. What is the remainder when h is divided by 15?
12
Let p = -7 + 11. Let b be 0/2*(-2)/(-4). Suppose -44 = -b*o - 4*o. Calculate the remainder when o is divided by p.
3
Let x(h) = -h**2 - 8*h - 4. Let u be x(-6). Suppose 3*s - u*s = -105. Calculate the remainder when s is divided by 40/6*(-6)/(-5).
5
Suppose 22*s + 10 = 23*s. Let q(r) = 4*r**2 + r + 1. What is the remainder when s is divided by q(-1)?
2
Suppose 0 = -r + 19 + 48. Calculate the remainder when 